 - (-1 + -1))?
-3
-6 + 2 + (-6 - -7)
-3
What is the value of 23 - 13 - (-1 - -9)?
2
What is -12 + (-4 - 9) + 30?
5
What is the value of 2 + -11 + (2 - -1)?
-6
-16 - (1 - 3) - (-36 - -31)
-9
-3 + 6 + 0 + -4
-1
What is the value of (13 - 7) + (2 - 2 - 2)?
4
Calculate (1 - 1) + 3 + (3 - 6).
0
Evaluate -5 + (4 - (0 + 4)).
-5
Evaluate 5 + (0 - -3) + -8.
0
What is -2 + 1 + (8 - 4) - 6?
-3
-10 - -3 - 6 - -6
-7
(-18 - -12) + (-2 - -8)
0
What is 2 + -9 + 9 + 5?
7
-3 + 9 + 12 + -17
1
What is the value of (0 + -1 - 2) + 2 + -3?
-4
What is the value of -9 + 9 + (1 - 4) - 0?
-3
Calculate 8 - (2 + 0 - (3 + -5)).
4
3 + (8 - 17) + (6 - 2)
-2
What is the value of (16 - (18 + -14)) + -4?
8
4 - (-1 + (-1 - -2) + 4)
0
What is 7 + -1 - (0 + 1) - 2?
3
-1 + 1 - (7 + -1 - 5)
-1
Evaluate -5 + (-6 - -12 - -2).
3
What is the value of (0 - -6) + (2 - 6) + 2?
4
-1 + -4 + 14 + -5
4
What is 1 - (-1 + 6) - (-1 - -1)?
-4
8 - 7 - (-1 + -1)
3
(3 - 8) + 5 + 1 - -1
2
What is the value of -1 + 1 + -3 - (15 + -13)?
-5
What is the value of (-2 - -3) + (-2 - -9) + -3?
5
Calculate 0 + -1 - (8 + -9).
0
Calculate -3 - -2 - (22 + -18).
-5
What is -1 + -2 + -26 + 31 - 6?
-4
What is 7 + 1 + 7 + -11?
4
(-4 - -11 - 4) + 1 - 5
-1
What is -5 + 4 + 3 + (-2 - 2)?
-2
Calculate 12 - 11 - (0 + -1).
2
What is the value of 4 - (-1 - -4 - -2)?
-1
What is the value of -2 - (-4 + (-8 - -9))?
1
-5 + 7 + (0 - 2)
0
-1 + -4 - (-20 + 17 + -7)
5
Evaluate 0 + (3 - -4) + -6.
1
(7 - 1) + (9 - 0 - 21)
-6
What is (1 - -4 - -1) + -6 + 3?
3
What is -3 + (7 - 1) + -3?
0
What is 1 + 1 + (-1 - 2)?
-1
Evaluate -6 + (1 - 0) - -3.
-2
What is the value of 2 - (8 + 1 + -4)?
-3
0 + (3 - (-2 - -4))
1
Calculate 3 - (16 - 5 - 1).
-7
Calculate 0 + 1 - (2 - (-11 + 17)).
5
What is 10 + (-1 + -24 - -9)?
-6
What is (3 + -2 - 1) + 7?
7
(11 - 4) + (0 - (1 + 1))
5
What is the value of -3 - (1 - 3) - 0?
-1
What is 3 + -7 + 4 + -1 + 1?
0
9 - 6 - -3 - 4
2
What is -4 + -1 + -1 - (20 - 19)?
-7
What is the value of 9 + 3 + -16 - 2?
-6
Evaluate 6 + (-4 - 1 - 2) - -6.
5
What is the value of 0 - (1 + -8 - 2)?
9
What is 2 + -1 - (1 - -6 - 6)?
0
Calculate (-6 - (3 - 5)) + (-1 - -1).
-4
6 + 0 - (3 + -1)
4
What is the value of 5 - (10 - 20) - 16?
-1
What is -10 + 6 + (-3 - -12 - 2)?
3
Evaluate -3 + -1 - (-16 + -2 - -13).
1
Calculate -2 - 3 - -4 - 2.
-3
Calculate -15 + 7 + (-12 - -12).
-8
Evaluate 4 - (3 - (2 + -2 + 3)).
4
0 - -1 - (49 - 53)
5
-7 + (-2 - -10) + -2 + -1
-2
Calculate -1 - -4 - (-6 - -10) - -5.
4
What is the value of 11 + -2 + -2 + 4 + -6?
5
(7 - (4 - 2)) + -8 + 8
5
What is -2 - ((-1 - -3) + -1)?
-3
What is the value of 11 - (-2 - -7) - 6?
0
What is the value of 10 + (9 - (-5 + 18))?
6
What is (0 - -1) + 2 + 1 + -7?
-3
Evaluate 8 - (2 + (-7 - -13)).
0
What is -1 - -4 - (-16 + 17)?
2
What is the value of 4 + (-8 - 1 - -7)?
2
Calculate -1 + 0 - (2 - (4 - 2)).
-1
(-1 - -1) + 7 + -11
-4
What is the value of 1 - ((0 - 5) + 8 + -11)?
9
What is the value of 9 + -3 + -14 + 4?
-4
3 + 0 + -12 + 6
-3
Evaluate 6 - -3 - (21 - 13).
1
What is the value of 10 + (13 - 21) + 1 + -10?
-7
Calculate -9 + -1 - (4 - -4 - 11).
-7
Calculate 4 + 4 + 1 + -4.
5
4 - 1 - (-6 - -10)
-1
Evaluate -1 + -5 - (11 - (32 - 8)).
7
What is -2 + -1 - (3 - (0 - -1))?
-5
What is the value of -1 - ((7 - 6 - 21) + 8)?
11
Evaluate 1 - 0 - (-3 + -1 - -2).
3
1 - (6 - -1) - (51 - 54)
-3
What is the value of 1 + 10 - (14 + (-20 - -11))?
6
What is -2 - (-2 + 3 + -3 + -1)?
1
What is (-3 - -4) + 1 + -1 - 1?
0
Calculate (-4 + 8 - (9 - 0)) + -1.
-6
What is 0 + 9 - ((-3 - 0) + 5)?
7
What is (-3 - -3) + (0 - 3)?
-3
What is the value of -2 - (8 - 16) - 9?
-3
What is the value of (-1 - 4) + 10 + -2?
3
Evaluate (-3 - 1) + -4 + 3 - -1.
-4
(4 + -3 - 11) + 6
-4
(8 - 0 - 2) + -10 + 2
-2
-6 + 2 - (0 + 0)
-4
What is the value of -8 + (1 - 5) + (-3 - -21)?
6
Calculate -2 - ((1 - 3) + 5) - 0.
-5
Calculate -1 + -1 - (2 - 0).
-4
What is the value of -14 + 17 - (-2 + (6 - 0))?
-1
Calculate (-14 - (-3 - 3) - -2) + 0.
-6
Calculate -2 - (-3 - (5 + 5 + -14)).
-3
Calculate (-7 - -1) + 2 + -2 + 5.
-1
Evaluate 2 + 0 + -8 + 2 + 8.
4
Calculate (11 - 8) + 3 + -9.
-3
Evaluate -4 + 2 + 8 - 11.
-5
Calculate 11 - (5 + 8 + 7).
-9
What is the value of 2 - ((2 - 10) + 6)?
4
What is the value of 5 - 1 - (-13 - -19)?
-2
Evaluate 1 - 0 - (-13 - -12).
2
What is -4 + (0 - 10) + 21?
7
What is the value of 4 - (-3 + (4 - 1))?
4
Calculate -9 + 0 + 5 - (-3 + -1).
0
Evaluate (1 - (4 - 0)) + 1 + -4.
-6
Evaluate 4 + -6 + 6 + -4.
0
Calculate 9 - (5 + 5) - (-5 + -2).
6
Evaluate -5 + 3 + 7 + 0 + -9.
-4
Calculate 0 + (-1 - 12) - -10.
-3
What is 0 - (-5 - (0 + 0))?
5
Calculate (-4 - 0) + (-58 - -58).
-4
What is the value of (0 - 7 - -4) + (5 - 3)?
-1
Calculate -3 - (1 + 3 + -1 + -3).
-3
What is the value of (-3 + 3 - (-6 + -2)) + -4?
4
What is (2 - (3 + 1 - -3)) + 1?
-4
What is -6 - (1 + -3) - (-12 + 11)?
-3
Evaluate (-6 + 4 - 3) + 0.
-5
Calculate 7 - (1 + 5 - 1).
2
5 - ((0 - -9) + 0)
-4
(0 - 2 - 8) + 16
6
12 - 1 - -5 - 10
6
Evaluate 4 + 2 - (3 - -2 - 2).
3
-5 + 8 + (-4 + 3 - 4)
-2
Calculate 4 - -3 - 4 - 8.
-5
-5 + 1 + 41 + -31 - 14
-8
Evaluate -6 + 3 + 0 + 1.
-2
What is (-7 - -1) + -1 + 5?
-2
What is the value of -1 + 1 + (-24 - -26)?
2
What is -12 + (-12 - -19 - -6)?
1
-3 + -2 + 6 - (-6 + 2)
5
Evaluate 12 + (3 + -7 - 11).
-3
3 + (-4 - -2) + 1
2
Calculate 1 + (0 + -1 - -2).
2
What is -5 + (0 - (-2 + 6 + -7))?
-2
2 + -3 + 10 + -11
-2
What is -15 - -2 - -9 - (-2 - -8)?
-10
(17 - 15) + -6 + -1
-5
Evaluate 3 - (9 - (-6 + (11 - -1))).
0
Evaluate -2 + 0 + -5 + 2.
-5
What is 0 + (8 + 2 + -7 - 1)?
2
Calculate -5 + 10 - (0 - 1).
6
Calculate -2 - (-4 - (2 - 3)).
1
-1 + -3 - (1 - (9 - 4))
0
What is the value of -3 + -2 + 5 + (19 - 18)?
1
Evaluate 2 + (-4 - (2 - 3)).
-1
(5 - 3) + -1 + -1 - -3
3
What is the value of -4 + 5 - -2 - (-1 - -1)?
3
Calculate 0 - (-7 + 5 + 10).
-8
(16 - 7) + 2 + -6
5
-13 - (3 - 7 - 5)
-4
(0 + -1 - 3) + -11 + 16
1
Calculate 78 + -81 - (1 + 0).
-4
Calculate 7 + 1 + 3 - 4.
7
-4 - -2 - 0 - 3 - -4
-1
Calculate -28 + 29 - ((0 - 2) + 0).
3
1 - -12 - (11 - 6)
8
Evaluate -9 + 3 + 4 - -4.
2
What is the value of (-1 - -3 - 1) + 1?
2
Calculate 0 + -1 - (-5 + (0 - -3)).
1
-2 + -1 + 3 + -6 + 1
-5
(-27 - -27) + 5 + 0 - 2
3
(25 - 30) + (3 - 2)
-4
(15 - -1) + 128 + -134
10
-2 - (-3 - 3 - 0)
4
Calculate 9 + -2 + (37 - 39).
5
What is -4 + 0 + -88 + 90?
-2
Evaluate -2 + 2 + -4 + -2 + 4.
-2
Calculate 16 + 0 - 2 - (264 - 257).
7
What is 71 - 70 - (1 + 5)?
-5
-4 - (-1 + -7 + 4)
0
Evaluate -1 - (0 - 2) - (12 + -8).
-3
What is the value of -3 + (4 + 2 - (3 - 0))?
0
Evaluate -53 + 48 - (1 + -5).
-1
What is -11 - -6 - (-4 + 3)?
-4
Calculate -4 - 2 - (1 - (2 - -1)).
-4
What is the value of 1 - 4 - -3 - 1?
-1
What is the value of -2 + 3 + -1 - (12 + -11)?
-1
1 + (-2 - (8 + -4))
-5
-2 - (-7 - (-8 - 7))
-10
Evaluate -5 + (0 + 1 - -3).
-1
Evaluate (4 - 1) + (0 - -5) + -7.
1
Evaluate (-6 + -6 + 13 - 9) + 4.
-4
What is (2 - 11) + -35 + 42?
-2
Evaluate 2 + -6 - -3 - -1.
0
Evaluate (-1 - 2) + -4 + 5.
-2
Evaluate -21 + 31 - (-1 - -6).
5
What is (-1 - -5) + -5 + -3 + 0?
-4
Evaluate (4 + 7 - 3) + 0 + 1.
9
What is -1 - 4 - (-25 + 15)?
5
What is the value of 5 + 14 + -12 + (-16 - -2)?
-7
Calculate -2 + 1 + (0 - -7) - 5.
1
What is the value of 6 + (0 - -9) + -9?
6
0 + (-1 + 1 - -1) + 0
1
7 + 1 - (4 + 10 + -7)
1
What is (3 - (0 + 1) - 0) + -2?
0
What is the value of -1 - (-4 - -5) - 1?
-3
Evaluate -4 - -5 - (-1 - -5).
-3
Evaluate (-4 - 0) + 26 + -25 + -4.
-7
What is the value of 8 - (-7 - -8 - (1 + -3))?
5
Evaluate -2 + -4 - (-6 - -3).
-3
Evaluate (-3 - 0) + 7 - (-31 + 29).
6
Evaluate 12 + -4 - (2 - -3).
3
Calculate 8 - ((2 - 9) + 9).
6
Calculate -3 - ((-1 - 6) + 31 + -34).
7
-4 - ((-1 + -4 - 3) + 3)
1
What is the value of -1 - (-3 - (-3 + -1))?
-2
0 + (1 - (0 - -2))
-1
Calculate -6 - ((-4 - (14 - 2)) + 3).
7
-3 - (1 - (2 + -2) - 3)
-1
What is 276 + -277 + (2 - 1 - 1)?
-1
Calculate 1 + 0 + (2 - 2) + -3.
-2
Calculate 3 + -7 + -5 + 5.
-4
6 + 7 + -3 + -15
-5
Evaluate 2 + -3 + 7 + -2.
4
What is -6 - (4 - 5) - -5?
0
What is the value of -7 + 12 + (5 - 0) + -2?
8
Evaluate -6 + 8 + -3 + -3.
-4
What is the value of 1 - (-2 + 4 + 1) - 0?
-2
-7 + 7 + (2 - 8)
-6
What is the value of (4 - 0) + 1 + (-8 - -3)?
0
What is (13 - 2 - -4 - 6) + -1?
8
What is 16 - 13 - (-2 - (2 + 